 -24*o + 3678. Calculate the remainder when o is divided by g.
31
Let u(y) = y**2 + 2*y. Let x be u(-2). Let k(d) = d**3 - d**2 - d + 22. Let i be k(x). Let j = 35 + i. What is the remainder when j is divided by 15?
12
Suppose -3 = p, 3*x + 15*p - 180 = 18*p. Suppose -8*r + 761 = -599. Calculate the remainder when r is divided by x.
56
Let k(c) = -3*c + 302. What is the remainder when k(20) is divided by 194?
48
Suppose -12 = 3*w + 3*j, 6*w = 2*w + 2*j - 28. What is the remainder when 85 is divided by 1 - (w - (-6)/(-2))?
5
Suppose -5*u + 1555 = 5*j, 0 = -4*j + 5*u + 1289 + 18. What is the remainder when j is divided by 284?
34
Let z = 34 + -26. Let w(m) = 5*m - 35. Let j be w(z). Suppose -4*i = 0, 56 = -f + 3*f - j*i. What is the remainder when 111 is divided by f?
27
Suppose 3*w = 3*b + 9603, 73*b - 40 = 68*b. What is the remainder when w is divided by 201?
194
Let a = -2230 - -2300. Suppose 4*w - 3*i + 0*i - 105 = 0, 4*i = -4*w + 84. Calculate the remainder when a is divided by w.
22
Let u be 8/(-2) + 62 - -7. Calculate the remainder when -5*1378/u*(-10)/4 is divided by 38.
37
Let h(t) = 4*t**2 - 4*t - 3. Suppose 0 = 5*v + 2*s + 16, 1 = -2*v + 6*v - 3*s. What is the remainder when 51 is divided by h(v)?
9
Let l be ((-182)/10)/(2/(-10)). Let t = 335 - 272. Let a = l - t. What is the remainder when 137 is divided by a?
25
What is the remainder when 2 + 12/(-7) + (254510/(-7))/(-5) is divided by 25?
22
Let n = 254 - 7. Calculate the remainder when n is divided by (11 - 656/40)*(-200)/30.
31
Let k(a) = -6*a**3 - 60*a**2 - 47*a - 408. What is the remainder when k(-12) is divided by 214?
172
Suppose -2*a = 5*t + 2*a + 15, 5*t - 3*a - 20 = 0. Suppose -w + t = -14. What is the remainder when w is divided by (6 - 3 - 5)*-4?
7
Suppose -202*w = -244*w + 4830. What is the remainder when w is divided by 14?
3
Let g(j) = 3*j + 42. Let a be g(-17). Calculate the remainder when (-78)/a*(9 - 3) + -3 is divided by 1*3/6*26.
10
Let b(d) = -200*d - 233. Calculate the remainder when b(-2) is divided by 18.
5
Let o(k) = 4*k**2 - 106*k + 32. Let g be o(24). Let f = g - -294. What is the remainder when f is divided by 32?
22
Let q = 62 - 65. Calculate the remainder when 124 is divided by q*((-4)/6 + -4).
12
Let t(o) = -o**2 - 2*o + 29. Let v be t(4). Suppose v = 5*h, 0 = -c - 2*c + 3*h + 30. What is the remainder when 22 is divided by c?
0
Let o(x) = -20*x - 70. Suppose 0 = 3*b - 5*s - 5, b - 3*s - 2 = 5. Calculate the remainder when o(b) is divided by 11.
8
Let g(t) = -t**3 - 14*t**2 + 29*t - 23. Let h(p) = p - 2. Let w be h(3). What is the remainder when 0 + 97 - (2 - w) is divided by g(-16)?
21
Let c = -1915 - -1929. Suppose q = -3*q + 2*x + 54, -4*q - 5*x + 47 = 0. Calculate the remainder when c is divided by q.
1
Let x be 49 + 2 - (-4 + 8). Let t = x + 70. What is the remainder when t is divided by 65?
52
Let o(w) = -63*w - 45. Let m be o(5). Let l = m + 718. What is the remainder when l is divided by 19?
16
Suppose -g - 4*m = 159, 393*m - 394*m = 2. Suppose -359 = 4*f - r, -4*f + 2*f + 4*r = 190. Let w = f - g. What is the remainder when w is divided by 16?
14
Let n(r) = r**2 - 250*r + 1241. Calculate the remainder when 989 is divided by n(5).
13
Suppose 3*t - 387 = q - 108, -2*t + 196 = -4*q. Suppose 63*g - 12*g = 1683. Calculate the remainder when t is divided by g.
26
Let a(v) = -v + 38. Let r(i) = -7*i**2 + 39*i + 12. Let s be r(6). What is the remainder when 84 is divided by a(s)?
40
Let w(v) = 9*v. Let f be w(0). Suppose 5*i = 4*i + b + 48, 2*i - 4*b - 100 = f. What is the remainder when 132 is divided by i?
40
Let y = -4 + 6. Let u = 5 + y. Let s(f) = -3*f**3 + 6*f**2 - 2*f - 27. Calculate the remainder when s(-2) is divided by u.
4
Let l be 4*(-6)/3*(5 + -4). Calculate the remainder when ((-126)/(-72))/((-1)/l) is divided by 2.
0
Let a(m) = m. Let l(x) = x + 11. Let b(o) = 5*a(o) + l(o). Let g be b(3). Let t = g + -23. Calculate the remainder when 22 is divided by t.
4
Let s(r) = 3 + 2 + 2 + 2 + 2*r. Let y be s(-4). Calculate the remainder when 0 - ((-1647)/36 - y/4) is divided by 12.
10
Calculate the remainder when (12/18)/((-14)/(-12075)) is divided by 12.
11
Let k = 25 - -86. Let o = 130 - 64. Let r = k - o. What is the remainder when r is divided by 16?
13
Suppose 0 = 5*p - 4*u - 235, 14*u + 225 = 5*p + 12*u. Suppose 0*l - 10 = -5*l. What is the remainder when p is divided by l?
1
Let f = 914 + 1058. What is the remainder when (-8)/(-14) + f/28 is divided by 24?
23
Let y(q) = -q + 1. Let a be y(6). Let g(w) = -w + 2. What is the remainder when (-1048)/(-40) - (3 + 14/(-5)) is divided by g(a)?
5
Suppose 3*s = -4*g + 29, 3*g + 5*s - 13 = 6. Suppose -3*r = -4*f + 91, 4*r + 17 + 60 = 3*f. What is the remainder when f is divided by g?
3
Let j = -39 + 51. What is the remainder when 5948 is divided by j?
8
Let m(j) = j**2 + 96*j + 1402. Calculate the remainder when m(0) is divided by 19.
15
Let j(z) = 11*z**2 + 44*z - 69. What is the remainder when 1295 is divided by j(-9)?
17
Suppose 29 = 43*h - 14*h. Let n = -55 + 78. Calculate the remainder when (-4 - 3)*h - -52 is divided by n.
22
What is the remainder when -6 - (0 - 733 - (20 - 15)) is divided by 190?
162
Suppose -5*b + 1815 = 2*t - 7*t, -4*t + 353 = b. Suppose 11 - b = -25*s. Let a(m) = 11*m. Calculate the remainder when a(5) is divided by s.
13
Let h(o) = 4*o**3 - 2*o**2 + o. Let a = 11369 + -11343. What is the remainder when a is divided by h(1)?
2
Let s(q) = -q**3 + q**2 - 6*q + 140. Let j be s(0). Suppose -2*o = 0, -4*b + 3*o + j = -0*o. What is the remainder when b is divided by 11?
2
Suppose s - 11 = -3*m + 19, -4*s + 70 = 2*m. Suppose -199 = -5*i - 3*x, -10*i + 13*i + x = 121. What is the remainder when i is divided by s?
11
Suppose -3655 = -5*z - 29*o + 25*o, 1474 = 2*z + 4*o. What is the remainder when z is divided by 239?
10
Let g = -216 + 241. Suppose -2*z - 47 = 3*l, 17 = -z - 5*l - 10. Let i = g + z. Calculate the remainder when 8 is divided by i.
2
Let n = 2411 + -2021. What is the remainder when n is divided by 44?
38
What is the remainder when (-162540)/(-525) + (-2)/(-5) is divided by 37?
14
Suppose -134*x - 194*x = 38*x - 577914. What is the remainder when x is divided by 66?
61
Suppose 411 = -20*f + 3751. What is the remainder when f is divided by 105?
62
Let w(u) = -9*u + 21. Let c(t) = -9*t + 21. Let o(m) = 2*c(m) - 3*w(m). What is the remainder when o(9) is divided by ((-8)/16)/((11/(-64))/11)?
28
Let r = 18210 - 15813. Calculate the remainder when r is divided by 83.
73
Suppose 30 = 15*b - 225. Suppose -935 = -5*c - 2*x, -2*x - b = c - 196. Calculate the remainder when c is divided by 64.
61
Let z = -9459 + 9762. Calculate the remainder when z is divided by 5.
3
Suppose 2*a + 232 = 3*m - 3*a, 0 = 2*m - 2*a - 156. Suppose -5*o - 14 = -34. Suppose -28 + 112 = o*q. What is the remainder when m is divided by q?
16
Suppose 6*z - 2*z + 3*m + 48 = 0, -5*z - 60 = -5*m. Calculate the remainder when 5 is divided by (10 + z)/(1/(-2)).
1
Let c be 4112/24*(-6)/(-4). Suppose -2*f - 2*d = -3*d + c, -f = 4*d + 106. Let r = -73 - f. Calculate the remainder when r is divided by 14.
11
Suppose 30*m = -2247 + 14727. Calculate the remainder when m is divided by 197.
22
Suppose 4396 = 3*f - 2*g + 2767, 5*f = 5*g + 2700. Calculate the remainder when f is divided by 255.
39
Let n = 3261 - 3179. What is the remainder when 2377 is divided by n?
81
Suppose -o - 2*f = -45, -51 = -o + 4*f - 0*f. Let c = -482 + 343. What is the remainder when (c/((4/2)/(-4)))/2 is divided by o?
45
Suppose 10*f = -3*q + 6*f - 81, 4*q - 2*f = -130. Let c = 37 + q. Suppose 0*i + i + 283 = 5*w, -59 = -w + i. Calculate the remainder when w is divided by c.
2
Let p be 2/(-4)*(-12 - -8) - 6. Let n = p + 9. Suppose n*c - 181 = -4*h, -c + 5*c = -2*h + 140. What is the remainder when c is divided by 17?
16
Suppose 7*v - 1344 = -5*v. Suppose 3*l + 4*l - v = 0. Calculate the remainder when 87 is divided by l.
7
Let d(o) = -2*o**3 + 18*o**2 + 28*o - 16. Calculate the remainder when 276 is divided by d(10).
20
Let w = 8352 - 8285. What is the remainder when 366 is divided by w?
31
Let k = -3335 - -3367. What is the remainder when 2110 is divided by k?
30
Let k = 26 + -18. Let f(g) = 2*g**3 - 31*g**2 - 30*g + 241. Calculate the re